{"id":2,"date":"2023-01-24T12:51:03","date_gmt":"2023-01-24T12:51:03","guid":{"rendered":"https:\/\/orcasolutions5.wordpress.com\/home\/"},"modified":"2024-03-25T10:22:37","modified_gmt":"2024-03-25T10:22:37","slug":"naslovna","status":"publish","type":"page","link":"https:\/\/orca-solutions.hr\/site\/naslovna\/","title":{"rendered":"Naslovna"},"content":{"rendered":"\n<h1 class=\"wp-block-heading has-text-align-center\">ORGANIZACIJA ZA ROBOTIKU KONSTRUKCIJU I AUTOMATIZACIJU <\/h1>\n\n\n\n<p class=\"has-medium-font-size\">Na\u0161a misija je pru\u017eiti vrhunske usluge i proizvode koji \u0107e pobolj\u0161ati u\u010dinkovitost i produktivnost na\u0161ih klijenata. Fokusiramo se na razvoj inovativnih rje\u0161enja koja \u0107e pomo\u0107i na\u0161im klijentima posti\u0107i svoje poslovne ciljeve.<\/p>\n\n\n\n<p class=\"has-medium-font-size\">Na\u0161a ponuda uklju\u010duje dizajniranje, izgradnju i odr\u017eavanje robotskih sustava, automatizaciju procesa i izradu opreme. Tako\u0111er nudimo odr\u017eavanje i servisiranje postoje\u0107ih robotskih sustava i opreme.<\/p>\n\n\n\n<p class=\"has-medium-font-size\">Vjerujemo da je tehnologija klju\u010dna za napredak i razvoj, stoga se kontinuirano trudimo ostati u korak s vremenom i primijeniti nove tehnologije kako bismo pru\u017eili vrhunske usluge na\u0161im klijentima.<\/p>\n\n\n\n<h2 class=\"wp-block-heading has-text-align-center\">\u0160TO NUDIMO<\/h2>\n\n\n\n<p class=\"has-medium-font-size\">Inovacije i razvoj novih sustava i rje\u0161enja u razli\u010ditim granama su na\u0161a najve\u0107a strast. Implementiramo robotska rje\u0161enja u sve grane proizvodnje i svakodnevnog \u017eivota, stoga, uvijek se pridr\u017eavamo na\u0161eg slogana &#8220;Nau\u010di \u010delik, spasi kosti&#8221; (&#8220;teach steel save the bones&#8221;).<\/p>\n\n\n\n<figure class=\"wp-block-image size-large\"><img loading=\"lazy\" decoding=\"async\" width=\"1024\" height=\"784\" src=\"http:\/\/orca-solutions.hr\/site\/wp-content\/uploads\/2023\/02\/possessed-photography-drmqiaubdws-unsplash-1024x784.jpg\" alt=\"\" class=\"wp-image-123\" srcset=\"https:\/\/orca-solutions.hr\/site\/wp-content\/uploads\/2023\/02\/possessed-photography-drmqiaubdws-unsplash-1024x784.jpg 1024w, https:\/\/orca-solutions.hr\/site\/wp-content\/uploads\/2023\/02\/possessed-photography-drmqiaubdws-unsplash-300x230.jpg 300w, https:\/\/orca-solutions.hr\/site\/wp-content\/uploads\/2023\/02\/possessed-photography-drmqiaubdws-unsplash-768x588.jpg 768w, https:\/\/orca-solutions.hr\/site\/wp-content\/uploads\/2023\/02\/possessed-photography-drmqiaubdws-unsplash-1536x1176.jpg 1536w, https:\/\/orca-solutions.hr\/site\/wp-content\/uploads\/2023\/02\/possessed-photography-drmqiaubdws-unsplash-2048x1568.jpg 2048w\" sizes=\"auto, (max-width: 1024px) 100vw, 1024px\" \/><\/figure>\n\n\n\n<h2 class=\"wp-block-heading has-text-align-center\">ROBOTIKA I AUTOMATIZACIJA<\/h2>\n\n\n\n<ol class=\"wp-block-list\">\n<li class=\"has-medium-font-size\">Dizajniranje, programiranje i instalacija robotskih sustava:\n<ul class=\"wp-block-list\">\n<li>Dizajniranje robotskih sustava prilago\u0111enih potrebama va\u0161eg poslovanja. Na\u0161i stru\u010dnjaci su visoko kvalificirani i imaju dugogodi\u0161nje iskustvo u ovom podru\u010dju.<\/li>\n\n\n\n<li>Nudimo usluge instalacije i odr\u017eavanja za sve vrste robota, ali imamo najvi\u0161e iskustva s robotima KUKA i FANUC.<\/li>\n<\/ul>\n<\/li>\n\n\n\n<li class=\"has-medium-font-size\">Automatizacija procesa:\n<ul class=\"wp-block-list\">\n<li>Prakticiranje automatizacije kako bismo pobolj\u0161ali u\u010dinkovitost i produktivnost va\u0161eg poslovanja. Na\u0161i stru\u010dnjaci \u0107e sura\u0111ivati s vama kako bi razumjeli va\u0161e potrebe i razvili rje\u0161enja koja \u0107e ih zadovoljiti.<\/li>\n\n\n\n<li>Programiranje PLC \/ SCADA sustava<\/li>\n\n\n\n<li>Dizajniranje i proizvodnja elektro ormara<\/li>\n<\/ul>\n<\/li>\n\n\n\n<li class=\"has-medium-font-size\">Izrada opreme:\n<ul class=\"wp-block-list\">\n<li>Dizajniranje i proizvodnja opreme prilago\u0111ene potrebama va\u0161eg poslovanja. Na\u0161i stru\u010dnjaci su visoko kvalificirani i imaju dugogodi\u0161nje iskustvo u ovom podru\u010dju.<\/li>\n<\/ul>\n<\/li>\n\n\n\n<li class=\"has-medium-font-size\">Simulacije:\n<ul class=\"wp-block-list\">\n<li>Stvaranje simulacija ili vizualizacija proizvodnog procesa dovodi do boljeg razvoja i optimizacije samog procesa.<\/li>\n<\/ul>\n<\/li>\n\n\n\n<li class=\"has-medium-font-size\">Izrada prilago\u0111enih strojeva:\n<ul class=\"wp-block-list\">\n<li>Inovacija je klju\u010d uspjeha, stoga nam je izuzetno zadovoljstvo stvoriti stroj prilago\u0111en va\u0161im potrebama.<\/li>\n<\/ul>\n<\/li>\n<\/ol>\n\n\n\n<figure class=\"wp-block-image size-large\"><img loading=\"lazy\" decoding=\"async\" width=\"1024\" height=\"683\" src=\"http:\/\/orca-solutions.hr\/site\/wp-content\/uploads\/2023\/02\/mech-mind-v3c07qk3eoy-unsplash-1-1024x683.jpg\" alt=\"\" class=\"wp-image-92\" srcset=\"https:\/\/orca-solutions.hr\/site\/wp-content\/uploads\/2023\/02\/mech-mind-v3c07qk3eoy-unsplash-1-1024x683.jpg 1024w, https:\/\/orca-solutions.hr\/site\/wp-content\/uploads\/2023\/02\/mech-mind-v3c07qk3eoy-unsplash-1-300x200.jpg 300w, https:\/\/orca-solutions.hr\/site\/wp-content\/uploads\/2023\/02\/mech-mind-v3c07qk3eoy-unsplash-1-768x512.jpg 768w, https:\/\/orca-solutions.hr\/site\/wp-content\/uploads\/2023\/02\/mech-mind-v3c07qk3eoy-unsplash-1-1536x1024.jpg 1536w, https:\/\/orca-solutions.hr\/site\/wp-content\/uploads\/2023\/02\/mech-mind-v3c07qk3eoy-unsplash-1-2048x1365.jpg 2048w\" sizes=\"auto, (max-width: 1024px) 100vw, 1024px\" \/><\/figure>\n\n\n\n<h2 class=\"wp-block-heading has-text-align-center\"><strong>ODR\u017dAVANJE PROIZVODNIH POGONA<\/strong><\/h2>\n\n\n\n<p class=\"has-medium-font-size\">Vrlo je lako zaklju\u010diti koliko je kvaliteta odr\u017eavanja va\u017ena za svaku proizvodnu tvornicu. Visoka razina pouzdanosti procesa i u\u010dinkovito otklanjanje pote\u0161ko\u0107a jedan su od glavnih \u010dimbenika uspje\u0161ne proizvodnje. Za u\u010dinkovitost odr\u017eavanja va\u017eno je dobro upoznati proizvodni sustav, \u0161to dovodi do u\u010dinkovitijeg otkrivanja i eliminiranja uzroka kvarova. Zato vam nudimo uslugu odr\u017eavanja u nekoliko razli\u010ditih paketa:<\/p>\n\n\n\n<ol class=\"wp-block-list\">\n<li class=\"has-medium-font-size\">Odr\u017eavanje po pozivu<\/li>\n\n\n\n<li class=\"has-medium-font-size\">Kontinuirano odr\u017eavanje (Ugovor o odr\u017eavanju za odre\u0111eno razdoblje)<\/li>\n\n\n\n<li class=\"has-medium-font-size\">Kontinuirano odr\u017eavanje i optimizacija procesa (Ugovor o odr\u017eavanju za odre\u0111eno razdoblje i kontinuirano pra\u0107enje, analiza i optimizacija proizvodnog procesa.)<\/li>\n<\/ol>\n\n\n\n<figure class=\"wp-block-image size-large\"><img loading=\"lazy\" decoding=\"async\" width=\"819\" height=\"1024\" src=\"http:\/\/orca-solutions.hr\/site\/wp-content\/uploads\/2023\/02\/spencer-davis-ufbyinqeqvw-unsplash-819x1024.jpg\" alt=\"\" class=\"wp-image-93\" srcset=\"https:\/\/orca-solutions.hr\/site\/wp-content\/uploads\/2023\/02\/spencer-davis-ufbyinqeqvw-unsplash-819x1024.jpg 819w, https:\/\/orca-solutions.hr\/site\/wp-content\/uploads\/2023\/02\/spencer-davis-ufbyinqeqvw-unsplash-240x300.jpg 240w, https:\/\/orca-solutions.hr\/site\/wp-content\/uploads\/2023\/02\/spencer-davis-ufbyinqeqvw-unsplash-768x960.jpg 768w, https:\/\/orca-solutions.hr\/site\/wp-content\/uploads\/2023\/02\/spencer-davis-ufbyinqeqvw-unsplash-1229x1536.jpg 1229w, https:\/\/orca-solutions.hr\/site\/wp-content\/uploads\/2023\/02\/spencer-davis-ufbyinqeqvw-unsplash-1638x2048.jpg 1638w, https:\/\/orca-solutions.hr\/site\/wp-content\/uploads\/2023\/02\/spencer-davis-ufbyinqeqvw-unsplash-scaled.jpg 2048w\" sizes=\"auto, (max-width: 819px) 100vw, 819px\" \/><\/figure>\n\n\n\n<h2 class=\"wp-block-heading has-text-align-center\">STROJOGRADNJA<\/h2>\n\n\n\n<p class=\"has-medium-font-size\">Inovacija je klju\u010d uspjeha, stoga nam je izuzetno zadovoljstvo stvoriti stroj prilago\u0111en va\u0161im potrebama. Evo primjera nekoliko strojeva koje mo\u017eemo izraditi prema va\u0161im zahtjevima:<\/p>\n\n\n\n<ol class=\"wp-block-list\">\n<li class=\"has-medium-font-size\">Roboti<\/li>\n\n\n\n<li class=\"has-medium-font-size\">Razli\u010diti gantry sustavi <\/li>\n\n\n\n<li class=\"has-medium-font-size\">CNC strojevi<\/li>\n\n\n\n<li class=\"has-medium-font-size\">Industrijski transporteri<\/li>\n\n\n\n<li class=\"has-medium-font-size\">Strojevi za pakiranje<\/li>\n\n\n\n<li class=\"has-medium-font-size\">Sustavi za zavarivanje<\/li>\n\n\n\n<li class=\"has-medium-font-size\">Alati i monta\u017eni ure\u0111aji<\/li>\n<\/ol>\n\n\n\n<h2 class=\"wp-block-heading has-text-align-center\">UGRA\u0110ENI SUSTAVI<\/h2>\n\n\n\n<p class=\"has-medium-font-size\">Dizajniramo i proizvodimo razli\u010dite ugra\u0111ene sustave prema va\u0161im potrebama.<\/p>\n\n\n\n<ol class=\"wp-block-list\">\n<li class=\"has-medium-font-size\">Programiranje mikrokontrolera<\/li>\n\n\n\n<li class=\"has-medium-font-size\">Dizajniranje tiskanih sklopova (PCB-ova)<\/li>\n\n\n\n<li class=\"has-medium-font-size\">Razvoj kontrolnih i upravlja\u010dkih sustava<\/li>\n\n\n\n<li class=\"has-medium-font-size\">Razvoj sustava za nadzor skladi\u0161ta<\/li>\n\n\n\n<li class=\"has-medium-font-size\">Razvoj razli\u010ditih elektroni\u010dkih ure\u0111aja<\/li>\n\n\n\n<li class=\"has-medium-font-size\">IoT (internet of things)<\/li>\n<\/ol>\n\n\n\n<figure class=\"wp-block-image size-large\"><img loading=\"lazy\" decoding=\"async\" width=\"1024\" height=\"575\" src=\"http:\/\/orca-solutions.hr\/site\/wp-content\/uploads\/2023\/02\/axel-r-ky0b3cbjgko-unsplash-1024x575.jpg\" alt=\"\" class=\"wp-image-96\" srcset=\"https:\/\/orca-solutions.hr\/site\/wp-content\/uploads\/2023\/02\/axel-r-ky0b3cbjgko-unsplash-1024x575.jpg 1024w, https:\/\/orca-solutions.hr\/site\/wp-content\/uploads\/2023\/02\/axel-r-ky0b3cbjgko-unsplash-300x169.jpg 300w, https:\/\/orca-solutions.hr\/site\/wp-content\/uploads\/2023\/02\/axel-r-ky0b3cbjgko-unsplash-768x431.jpg 768w, https:\/\/orca-solutions.hr\/site\/wp-content\/uploads\/2023\/02\/axel-r-ky0b3cbjgko-unsplash-1536x863.jpg 1536w, https:\/\/orca-solutions.hr\/site\/wp-content\/uploads\/2023\/02\/axel-r-ky0b3cbjgko-unsplash-2048x1151.jpg 2048w\" sizes=\"auto, (max-width: 1024px) 100vw, 1024px\" \/><\/figure>\n\n\n\n<h2 class=\"wp-block-heading has-text-align-center\">KONSTRUKCIJA I DIZAJN<\/h2>\n\n\n\n<ol class=\"wp-block-list\">\n<li class=\"has-medium-font-size\">Dizajniranje mehani\u010dkih konstrukcija<\/li>\n\n\n\n<li class=\"has-medium-font-size\">Dizajniranje elektri\u010dnih instalacija<\/li>\n\n\n\n<li class=\"has-medium-font-size\">Izrada tehni\u010dke dokumentacije<\/li>\n\n\n\n<li class=\"has-medium-font-size\">Dizajniranje proizvodnih linija<\/li>\n\n\n\n<li class=\"has-medium-font-size\">Izrada prototipova i konceptualnih rje\u0161enja<\/li>\n\n\n\n<li class=\"has-medium-font-size\">Alati i monta\u017eni ure\u0111aji<\/li>\n<\/ol>\n\n\n\n<figure class=\"wp-block-image size-full\"><img decoding=\"async\" src=\"http:\/\/orca-solutions.hr\/site\/wp-content\/uploads\/2023\/02\/thisisengineering-raeng-we-binwgwxc-unsplash.jpg\" alt=\"\" class=\"wp-image-97\"\/><\/figure>\n","protected":false},"excerpt":{"rendered":"<p>ORGANIZACIJA ZA ROBOTIKU KONSTRUKCIJU I AUTOMATIZACIJU Na\u0161a misija je pru\u017eiti vrhunske usluge i proizvode koji \u0107e pobolj\u0161ati u\u010dinkovitost i produktivnost na\u0161ih klijenata. Fokusiramo se na razvoj inovativnih rje\u0161enja koja \u0107e pomo\u0107i na\u0161im klijentima posti\u0107i svoje poslovne ciljeve. Na\u0161a ponuda uklju\u010duje dizajniranje, izgradnju i odr\u017eavanje robotskih sustava, automatizaciju procesa i izradu opreme. Tako\u0111er nudimo odr\u017eavanje i [&hellip;]<\/p>\n","protected":false},"author":2,"featured_media":84,"parent":0,"menu_order":0,"comment_status":"closed","ping_status":"closed","template":"","meta":{"om_disable_all_campaigns":false,"_monsterinsights_skip_tracking":false,"_monsterinsights_sitenote_active":false,"_monsterinsights_sitenote_note":"","_monsterinsights_sitenote_category":0,"_uf_show_specific_survey":0,"_uf_disable_surveys":false,"footnotes":""},"class_list":["post-2","page","type-page","status-publish","has-post-thumbnail","hentry"],"yoast_head":"<!-- This site is optimized with the Yoast SEO plugin v23.1 - https:\/\/yoast.com\/wordpress\/plugins\/seo\/ -->\n<title>Naslovna - ORCA SOLUTIONS<\/title>\n<meta name=\"robots\" content=\"index, follow, max-snippet:-1, max-image-preview:large, max-video-preview:-1\" \/>\n<link rel=\"canonical\" href=\"https:\/\/orca-solutions.hr\/site\/naslovna\/\" \/>\n<meta property=\"og:locale\" content=\"hr_HR\" \/>\n<meta property=\"og:type\" content=\"article\" \/>\n<meta property=\"og:title\" content=\"Naslovna - ORCA SOLUTIONS\" \/>\n<meta property=\"og:description\" content=\"ORGANIZACIJA ZA ROBOTIKU KONSTRUKCIJU I AUTOMATIZACIJU Na\u0161a misija je pru\u017eiti vrhunske usluge i proizvode koji \u0107e pobolj\u0161ati u\u010dinkovitost i produktivnost na\u0161ih klijenata. Fokusiramo se na razvoj inovativnih rje\u0161enja koja \u0107e pomo\u0107i na\u0161im klijentima posti\u0107i svoje poslovne ciljeve. Na\u0161a ponuda uklju\u010duje dizajniranje, izgradnju i odr\u017eavanje robotskih sustava, automatizaciju procesa i izradu opreme. Tako\u0111er nudimo odr\u017eavanje i [&hellip;]\" \/>\n<meta property=\"og:url\" content=\"https:\/\/orca-solutions.hr\/site\/naslovna\/\" \/>\n<meta property=\"og:site_name\" content=\"ORCA SOLUTIONS\" \/>\n<meta property=\"article:publisher\" content=\"https:\/\/www.facebook.com\/profile.php?id=100093337872576\" \/>\n<meta property=\"article:modified_time\" content=\"2024-03-25T10:22:37+00:00\" \/>\n<meta property=\"og:image\" content=\"https:\/\/orca-solutions.hr\/site\/wp-content\/uploads\/2023\/02\/lenny-kuhne-jhz70nrk7ns-unsplash-scaled.jpg\" \/>\n\t<meta property=\"og:image:width\" content=\"2560\" \/>\n\t<meta property=\"og:image:height\" content=\"1707\" \/>\n\t<meta property=\"og:image:type\" content=\"image\/jpeg\" \/>\n<meta name=\"twitter:card\" content=\"summary_large_image\" \/>\n<meta name=\"twitter:label1\" content=\"Procijenjeno vrijeme \u010ditanja\" \/>\n\t<meta name=\"twitter:data1\" content=\"3 minute\" \/>\n<script type=\"application\/ld+json\" class=\"yoast-schema-graph\">{\"@context\":\"https:\/\/schema.org\",\"@graph\":[{\"@type\":\"WebPage\",\"@id\":\"https:\/\/orca-solutions.hr\/site\/en\/naslovna\/\",\"url\":\"https:\/\/orca-solutions.hr\/site\/en\/naslovna\/\",\"name\":\"Naslovna - ORCA SOLUTIONS\",\"isPartOf\":{\"@id\":\"https:\/\/orca-solutions.hr\/site\/en\/#website\"},\"primaryImageOfPage\":{\"@id\":\"https:\/\/orca-solutions.hr\/site\/en\/naslovna\/#primaryimage\"},\"image\":{\"@id\":\"https:\/\/orca-solutions.hr\/site\/en\/naslovna\/#primaryimage\"},\"thumbnailUrl\":\"https:\/\/orca-solutions.hr\/site\/wp-content\/uploads\/2023\/02\/lenny-kuhne-jhz70nrk7ns-unsplash-scaled.jpg\",\"datePublished\":\"2023-01-24T12:51:03+00:00\",\"dateModified\":\"2024-03-25T10:22:37+00:00\",\"breadcrumb\":{\"@id\":\"https:\/\/orca-solutions.hr\/site\/en\/naslovna\/#breadcrumb\"},\"inLanguage\":\"hr\",\"potentialAction\":[{\"@type\":\"ReadAction\",\"target\":[\"https:\/\/orca-solutions.hr\/site\/en\/naslovna\/\"]}]},{\"@type\":\"ImageObject\",\"inLanguage\":\"hr\",\"@id\":\"https:\/\/orca-solutions.hr\/site\/en\/naslovna\/#primaryimage\",\"url\":\"https:\/\/orca-solutions.hr\/site\/wp-content\/uploads\/2023\/02\/lenny-kuhne-jhz70nrk7ns-unsplash-scaled.jpg\",\"contentUrl\":\"https:\/\/orca-solutions.hr\/site\/wp-content\/uploads\/2023\/02\/lenny-kuhne-jhz70nrk7ns-unsplash-scaled.jpg\",\"width\":2560,\"height\":1707},{\"@type\":\"BreadcrumbList\",\"@id\":\"https:\/\/orca-solutions.hr\/site\/en\/naslovna\/#breadcrumb\",\"itemListElement\":[{\"@type\":\"ListItem\",\"position\":1,\"name\":\"Po\u010detna stranica\",\"item\":\"https:\/\/orca-solutions.hr\/site\/en\/\"},{\"@type\":\"ListItem\",\"position\":2,\"name\":\"Naslovna\"}]},{\"@type\":\"WebSite\",\"@id\":\"https:\/\/orca-solutions.hr\/site\/en\/#website\",\"url\":\"https:\/\/orca-solutions.hr\/site\/en\/\",\"name\":\"ORCA SOLUTIONS\",\"description\":\"Teach steel, save bones\",\"publisher\":{\"@id\":\"https:\/\/orca-solutions.hr\/site\/en\/#organization\"},\"alternateName\":\"ORCA\",\"potentialAction\":[{\"@type\":\"SearchAction\",\"target\":{\"@type\":\"EntryPoint\",\"urlTemplate\":\"https:\/\/orca-solutions.hr\/site\/en\/?s={search_term_string}\"},\"query-input\":\"required name=search_term_string\"}],\"inLanguage\":\"hr\"},{\"@type\":\"Organization\",\"@id\":\"https:\/\/orca-solutions.hr\/site\/en\/#organization\",\"name\":\"ORCA SOLUTIONS j.d.o.o.\",\"alternateName\":\"ORCA\",\"url\":\"https:\/\/orca-solutions.hr\/site\/en\/\",\"logo\":{\"@type\":\"ImageObject\",\"inLanguage\":\"hr\",\"@id\":\"https:\/\/orca-solutions.hr\/site\/en\/#\/schema\/logo\/image\/\",\"url\":\"https:\/\/orca-solutions.hr\/site\/wp-content\/uploads\/2023\/02\/cropped-cropped-orca-logo-ver.1-bebe-1.png\",\"contentUrl\":\"https:\/\/orca-solutions.hr\/site\/wp-content\/uploads\/2023\/02\/cropped-cropped-orca-logo-ver.1-bebe-1.png\",\"width\":512,\"height\":512,\"caption\":\"ORCA SOLUTIONS j.d.o.o.\"},\"image\":{\"@id\":\"https:\/\/orca-solutions.hr\/site\/en\/#\/schema\/logo\/image\/\"},\"sameAs\":[\"https:\/\/www.facebook.com\/profile.php?id=100093337872576\",\"https:\/\/hr.linkedin.com\/company\/orca-solutions-22?trk=similar-pages\"]}]}<\/script>\n<!-- \/ Yoast SEO plugin. -->","yoast_head_json":{"title":"Naslovna - ORCA SOLUTIONS","robots":{"index":"index","follow":"follow","max-snippet":"max-snippet:-1","max-image-preview":"max-image-preview:large","max-video-preview":"max-video-preview:-1"},"canonical":"https:\/\/orca-solutions.hr\/site\/naslovna\/","og_locale":"hr_HR","og_type":"article","og_title":"Naslovna - ORCA SOLUTIONS","og_description":"ORGANIZACIJA ZA ROBOTIKU KONSTRUKCIJU I AUTOMATIZACIJU Na\u0161a misija je pru\u017eiti vrhunske usluge i proizvode koji \u0107e pobolj\u0161ati u\u010dinkovitost i produktivnost na\u0161ih klijenata. Fokusiramo se na razvoj inovativnih rje\u0161enja koja \u0107e pomo\u0107i na\u0161im klijentima posti\u0107i svoje poslovne ciljeve. Na\u0161a ponuda uklju\u010duje dizajniranje, izgradnju i odr\u017eavanje robotskih sustava, automatizaciju procesa i izradu opreme. Tako\u0111er nudimo odr\u017eavanje i [&hellip;]","og_url":"https:\/\/orca-solutions.hr\/site\/naslovna\/","og_site_name":"ORCA SOLUTIONS","article_publisher":"https:\/\/www.facebook.com\/profile.php?id=100093337872576","article_modified_time":"2024-03-25T10:22:37+00:00","og_image":[{"width":2560,"height":1707,"url":"https:\/\/orca-solutions.hr\/site\/wp-content\/uploads\/2023\/02\/lenny-kuhne-jhz70nrk7ns-unsplash-scaled.jpg","type":"image\/jpeg"}],"twitter_card":"summary_large_image","twitter_misc":{"Procijenjeno vrijeme \u010ditanja":"3 minute"},"schema":{"@context":"https:\/\/schema.org","@graph":[{"@type":"WebPage","@id":"https:\/\/orca-solutions.hr\/site\/en\/naslovna\/","url":"https:\/\/orca-solutions.hr\/site\/en\/naslovna\/","name":"Naslovna - ORCA SOLUTIONS","isPartOf":{"@id":"https:\/\/orca-solutions.hr\/site\/en\/#website"},"primaryImageOfPage":{"@id":"https:\/\/orca-solutions.hr\/site\/en\/naslovna\/#primaryimage"},"image":{"@id":"https:\/\/orca-solutions.hr\/site\/en\/naslovna\/#primaryimage"},"thumbnailUrl":"https:\/\/orca-solutions.hr\/site\/wp-content\/uploads\/2023\/02\/lenny-kuhne-jhz70nrk7ns-unsplash-scaled.jpg","datePublished":"2023-01-24T12:51:03+00:00","dateModified":"2024-03-25T10:22:37+00:00","breadcrumb":{"@id":"https:\/\/orca-solutions.hr\/site\/en\/naslovna\/#breadcrumb"},"inLanguage":"hr","potentialAction":[{"@type":"ReadAction","target":["https:\/\/orca-solutions.hr\/site\/en\/naslovna\/"]}]},{"@type":"ImageObject","inLanguage":"hr","@id":"https:\/\/orca-solutions.hr\/site\/en\/naslovna\/#primaryimage","url":"https:\/\/orca-solutions.hr\/site\/wp-content\/uploads\/2023\/02\/lenny-kuhne-jhz70nrk7ns-unsplash-scaled.jpg","contentUrl":"https:\/\/orca-solutions.hr\/site\/wp-content\/uploads\/2023\/02\/lenny-kuhne-jhz70nrk7ns-unsplash-scaled.jpg","width":2560,"height":1707},{"@type":"BreadcrumbList","@id":"https:\/\/orca-solutions.hr\/site\/en\/naslovna\/#breadcrumb","itemListElement":[{"@type":"ListItem","position":1,"name":"Po\u010detna stranica","item":"https:\/\/orca-solutions.hr\/site\/en\/"},{"@type":"ListItem","position":2,"name":"Naslovna"}]},{"@type":"WebSite","@id":"https:\/\/orca-solutions.hr\/site\/en\/#website","url":"https:\/\/orca-solutions.hr\/site\/en\/","name":"ORCA SOLUTIONS","description":"Teach steel, save bones","publisher":{"@id":"https:\/\/orca-solutions.hr\/site\/en\/#organization"},"alternateName":"ORCA","potentialAction":[{"@type":"SearchAction","target":{"@type":"EntryPoint","urlTemplate":"https:\/\/orca-solutions.hr\/site\/en\/?s={search_term_string}"},"query-input":"required name=search_term_string"}],"inLanguage":"hr"},{"@type":"Organization","@id":"https:\/\/orca-solutions.hr\/site\/en\/#organization","name":"ORCA SOLUTIONS j.d.o.o.","alternateName":"ORCA","url":"https:\/\/orca-solutions.hr\/site\/en\/","logo":{"@type":"ImageObject","inLanguage":"hr","@id":"https:\/\/orca-solutions.hr\/site\/en\/#\/schema\/logo\/image\/","url":"https:\/\/orca-solutions.hr\/site\/wp-content\/uploads\/2023\/02\/cropped-cropped-orca-logo-ver.1-bebe-1.png","contentUrl":"https:\/\/orca-solutions.hr\/site\/wp-content\/uploads\/2023\/02\/cropped-cropped-orca-logo-ver.1-bebe-1.png","width":512,"height":512,"caption":"ORCA SOLUTIONS j.d.o.o."},"image":{"@id":"https:\/\/orca-solutions.hr\/site\/en\/#\/schema\/logo\/image\/"},"sameAs":["https:\/\/www.facebook.com\/profile.php?id=100093337872576","https:\/\/hr.linkedin.com\/company\/orca-solutions-22?trk=similar-pages"]}]}},"_links":{"self":[{"href":"https:\/\/orca-solutions.hr\/site\/wp-json\/wp\/v2\/pages\/2","targetHints":{"allow":["GET"]}}],"collection":[{"href":"https:\/\/orca-solutions.hr\/site\/wp-json\/wp\/v2\/pages"}],"about":[{"href":"https:\/\/orca-solutions.hr\/site\/wp-json\/wp\/v2\/types\/page"}],"author":[{"embeddable":true,"href":"https:\/\/orca-solutions.hr\/site\/wp-json\/wp\/v2\/users\/2"}],"replies":[{"embeddable":true,"href":"https:\/\/orca-solutions.hr\/site\/wp-json\/wp\/v2\/comments?post=2"}],"version-history":[{"count":16,"href":"https:\/\/orca-solutions.hr\/site\/wp-json\/wp\/v2\/pages\/2\/revisions"}],"predecessor-version":[{"id":378,"href":"https:\/\/orca-solutions.hr\/site\/wp-json\/wp\/v2\/pages\/2\/revisions\/378"}],"wp:featuredmedia":[{"embeddable":true,"href":"https:\/\/orca-solutions.hr\/site\/wp-json\/wp\/v2\/media\/84"}],"wp:attachment":[{"href":"https:\/\/orca-solutions.hr\/site\/wp-json\/wp\/v2\/media?parent=2"}],"curies":[{"name":"wp","href":"https:\/\/api.w.org\/{rel}","templated":true}]}}